e units digit of z?
3
Let v(l) = -27*l**3 - 2*l**2 - 25*l - 134. What is the hundreds digit of v(-7)?
2
Suppose -12*c = 3*v - 17*c - 4170, 4*c - 6950 = -5*v. Suppose -504*b + v = -499*b. What is the hundreds digit of b?
2
Suppose -3*x + 0*y = -2*y - 13, 0 = -2*y + 2. Suppose x = -3*g + 2*r, -g + 0*g - 3*r = -2. What is the tens digit of (-302)/(-4) - (8/(-16))/g?
7
Let d be 3/15 + 18/10 - 2. Let i be ((1 - d) + -8)*(6 + -7). Suppose -15 = -4*k + 3*v - 0*v, 0 = -2*k + v + i. What is the units digit of k?
3
Let b be 1*(259*-1 + -1). Let z = b + 402. Let f = -74 + z. What is the tens digit of f?
6
Suppose 3*v - 72 = -v. Let s(n) = 5*n**2 + 39*n - 115. Let t(d) = -3*d**2 - 20*d + 60. Let x(c) = -4*s(c) - 7*t(c). What is the units digit of x(v)?
6
Suppose 2*i - 3*p = 19108, -i - 5*p = -6389 - 3126. What is the tens digit of i?
4
Suppose 651 = 7*c - 609. Suppose 3*z - 2*z + 5*g - c = 0, 0 = -5*g. Let v = -105 + z. What is the units digit of v?
5
Let q(j) = 42*j**2 - 181*j + 24. What is the tens digit of q(14)?
2
Let s be 96/8 + 2/((-6)/(-9)). Suppose -2*b - b = 4*p - 558, s = 5*p. What is the units digit of b?
2
Let y be (-24)/20*(-140)/6. Let c = y + -22. Suppose -3*i = -c*i + 276. What is the tens digit of i?
9
Let j = 26 + -37. Let i(y) = 7*y**2 - 9*y - 14. Let h(l) = -22*l**2 + 27*l + 43. Let z(p) = j*i(p) - 4*h(p). What is the hundreds digit of z(-3)?
1
Suppose 5*a - 6 = -k + 9*a, 3*k - 8 = 2*a. Suppose 4*g + 5*x - 4*x - 344 = 0, -93 = -g - k*x. What is the units digit of g?
5
Suppose -s + 4*a = 4511 - 13677, 2*s = -3*a + 18288. What is the units digit of s?
0
Let r = 4706 - 2538. What is the hundreds digit of 8 - 13 - r/(-2)?
0
Let t(r) = -4*r - 4. Let z be t(-4). Let k be (-9)/z - 806/(-8). Suppose -5*w = -5*m - 0*m + k, 0 = 5*m - 2*w - 103. What is the tens digit of m?
2
Let x be (-1)/(-6) - 5125/(-246). Let g(v) = v**3 - 24*v**2 + 81*v - 45. What is the tens digit of g(x)?
3
Let w(r) = -80*r - 61. Let d be 30/9*6/(-4). Let o(b) = -40*b - 30. Let h(k) = d*o(k) + 3*w(k). What is the units digit of h(-4)?
7
Suppose -38 = -2*j - 8. Suppose 39 - j = -4*l. What is the units digit of 2/(-12)*-1*-2*l?
2
Suppose 20*c - 5984 = 16*c. Let b be c/20 + (-3)/(-12 - 3). Suppose -81 = -6*y + b. What is the units digit of y?
6
Suppose 3*z = -m + 16357, -4*m - 5461 = -6*z + 5*z. What is the thousands digit of z?
5
Let j(f) = 316*f**2 + 201*f + 438. What is the thousands digit of j(-14)?
9
Suppose 1 = h - 3. Suppose h*y - 4 = 8*y. What is the tens digit of (-1)/((-1)/60) - y?
6
What is the tens digit of ((-810)/(-495))/((-6)/(-242286))?
7
Suppose -124*s + 12828385 = -47*s + 188*s. What is the ten thousands digit of s?
4
Suppose -314*t + 309*t = -q + 4346, 3*q = -3*t + 12984. What is the thousands digit of q?
4
Let n(l) = 211*l + 2141. What is the hundreds digit of n(23)?
9
Let r(k) = -k**3 + 67*k**2 - 243*k - 25. What is the ten thousands digit of r(57)?
1
Suppose 4*z - 3722 + 1022 = 0. Let g = -19 + z. What is the hundreds digit of g?
6
Suppose -9*j + 1288 = -467. Suppose 102 = -3*v + 3*p, -5*v = -4*p + 6*p + 156. Let z = j + v. What is the tens digit of z?
6
Suppose 0*y + 3*y + t + 13 = 0, -2*t - 22 = 5*y. Let n be 22/4*8*y/(-16). Suppose 123 = n*q - 625. What is the tens digit of q?
6
Suppose 0*y + y + 4 = 0. Let x = y + -4. Let z(o) = -6*o - 4. What is the tens digit of z(x)?
4
Suppose 80*v - 348*v + 3766776 + 2939388 = 0. What is the tens digit of v?
2
Let w be (-3 - -46) + 7 + -2. Let j be ((-12)/((-4)/1))/1. Suppose -y - y + 5*d = -w, 0 = j*y - 3*d - 72. What is the tens digit of y?
2
Suppose 17*c - w = 19*c - 166725, -5*w - 166755 = -2*c. What is the hundreds digit of c?
3
Suppose 2*k = 4*v - 228, 9*v - 114 = 7*v + 4*k. Let q = 101 - v. Let m = 91 - q. What is the tens digit of m?
4
Suppose z - 7 = -5. Suppose -5*q + 129 = w, 2*w + z*q - q - 258 = 0. Suppose -3*k + 90 = -w. What is the units digit of k?
3
Suppose 0 = 270*r - 273*r + 11610. Suppose 0 = -183*m + 178*m + r. What is the tens digit of m?
7
Let n(l) = 21 + 122*l**2 - 118*l**2 + 14*l - 20*l. What is the units digit of n(-7)?
9
Let j = -20 - -20. Suppose g = 5*o + 6*g - 280, j = -4*o + g + 239. Suppose -4*v + 148 = 5*q - o, -2*v + 108 = 4*q. What is the units digit of v?
8
Suppose -5*d + 65 = 55. Suppose 0 = 6*y - d*y - 1376. What is the units digit of y?
4
Suppose -518 = -2*d - 102. Suppose -208 = -4*k + 5*v, 5*v - d = -4*k + v. What is the units digit of k?
2
Let c(m) be the third derivative of 0 + 0*m - 27*m**2 + 1/15*m**5 + 13/24*m**4 + 1/2*m**3. What is the units digit of c(6)?
5
Suppose 2*m + 3 = 2*s + 17, -4*m = 3*s - 7. Suppose 5*n - 9*d = -5*d + 3880, -4*n = m*d - 3104. What is the hundreds digit of n?
7
Let r(k) = 9*k - 41. Let p be r(5). Let a(v) = 3*v**2 - 4*v + 3. Let x(o) = -9*o**2 + 12*o - 8. Let z(b) = -17*a(b) - 6*x(b). What is the tens digit of z(p)?
2
Let w = 15865 + -8900. What is the units digit of w?
5
Let s(k) be the second derivative of k**3/2 + 5*k**2/2 - k. Let z be s(13). Suppose -p + 143 = -z. What is the hundreds digit of p?
1
Let i(h) = 120*h**2 + 11*h + 5. Let b = -778 - -775. What is the hundreds digit of i(b)?
0
Let z = -63 - -84. What is the tens digit of (-7)/z + 1 + 2474/6?
1
Suppose 8 = 16*w - 24. Suppose -9*k = -w*k - 728. Let z = 202 - k. What is the units digit of z?
8
Let t = 86526 - 35675. What is the hundreds digit of t?
8
Suppose -4*b = 6*b - 90. Suppose -b*m = 191 + 106. Let o = m - -58. What is the tens digit of o?
2
Let x = 18 - 13. Let m(w) = w**3 + 20*w**2 - 24*w + 177. Let v be m(-20). What is the tens digit of v*((-2)/12)/(x/(-10))?
1
Let v be 114/133 - (-10376)/14. Suppose -15*r + 6893 + v = 0. What is the units digit of r?
9
Suppose -1180 = -f - 3*d, 5*f - 7*d + 2*d = 5900. What is the units digit of 1/(4/f*5)?
9
Let c be -9*(16/3 + 4 + 3). Let u be 0 + c - (-12)/(-30)*10. Let f = 210 + u. What is the tens digit of f?
9
Suppose 23893 = 10*x - 5447. What is the units digit of x?
4
Let v(j) = -j**2 - 5*j - 5. Let x be v(-2). Suppose 9*g + x = 55. What is the tens digit of g - 20/5*-1?
1
Suppose -266 = -n + 5*g, 0 = 5*n - 3*g + 5*g - 1303. What is the hundreds digit of (4/(-9))/2 + 156397/n?
5
Suppose 0 = -o - 2*g - 35 + 143, 315 = 3*o + 3*g. Let q be o/(-24) + 2/8. What is the units digit of (74/q)/((-34)/8 + 4)?
4
Let d = 9 - -275. Let u = -194 + d. Suppose -t + 40 + 58 = -4*g, 2*g + u = t. What is the tens digit of t?
8
Suppose 49*b - 47*b + 6 = 0. Let u = -3 - b. What is the units digit of 3/(-12)*u - -53?
3
Suppose -2*w + 12 = o - 6*o, 4*w - 34 = 5*o. Suppose -8*c - w = -35. Let n(k) = -3*k + 11. What is the units digit of n(c)?
2
Suppose -19*n = 2*n - 129524 - 41017. What is the thousands digit of n?
8
Let v(y) = -132*y - 9. Let i be v(-4). Let j = i - 139. Suppose 5*l = -t + 469, 0 = -4*l - 3*t + t + j. What is the tens digit of l?
9
Let s = 115775 - 48210. What is the ten thousands digit of s?
6
Let l be (-120)/(-36)*-2*(-492)/10. Suppose -49 = -z + 76. Suppose u - z + 5 = -3*w, 0 = 3*u + w - l. What is the units digit of u?
8
Let i(a) be the third derivative of -7*a**6/120 + a**4/12 - a**3/6 - 11*a**2. Suppose 0 = -k - 3*k - 8. What is the tens digit of i(k)?
5
Suppose 3*w = 5*d + 11793, 4*d - 2088 = -3*w + 9705. What is the thousands digit of w?
3
Let l = -40 - -56. Suppose -l*s = -26*s + 3070. What is the hundreds digit of s?
3
Let z be (1380/8)/((-18)/8)*-3. Suppose 3*x + 3*w + 96 = 267, -z = -4*x - 2*w. Let a = 45 + x. What is the hundreds digit of a?
1
Let l = 338 - 345. What is the hundreds digit of 1082/(l/(-14)*4)?
5
Suppose -18*x + 40716 = -134010. Suppose -22*t = -5*t - x. What is the tens digit of t?
7
Let q(z) = -z**3 - 5*z**2 + 16*z + 16. Let x be q(-7). Suppose -305 = -x*m - 3*g, -4*m + 16*g = 11*g - 665. What is the tens digit of m?
6
Suppose -3*s + 112 = 5*s. Suppose 0 = 3*p + p + 3*l - 4, 2*l + 8 = 0. Suppose -p*d + s = -10. What is the units digit of d?
6
Suppose -10*q + 2248 - 748 = 0. Suppose 5*p + 27 = h - 62, -4*p = 2*h - q. What is the tens digit of h?
7
Let t be -3 - 1/5*0. What is the tens digit of (-12)/54 - (t + (-12860)/36)?
6
Suppose 0 = -q - 6, 0 = l - 3*q - 28605 - 20682. What is the ten thousands digit of l?
4
Suppose 1866*l - 1867*l - 1 = 0. What is the hundreds digit of (28/5)/((-9)/1440*l)?
8
Let